{"id":7477,"date":"2026-04-15T08:18:02","date_gmt":"2026-04-15T06:18:02","guid":{"rendered":"https:\/\/www.disentis.ch\/offene-stellen\/plazza-libra-collaboratura-administraziun-communala\/"},"modified":"2026-04-19T12:08:46","modified_gmt":"2026-04-19T10:08:46","slug":"plazza-libra-collaboratura-administraziun-communala","status":"publish","type":"page","link":"https:\/\/www.disentis.ch\/de\/offene-stellen\/plazza-libra-collaboratura-administraziun-communala\/","title":{"rendered":"Plazza libra &#8211; Collaboratur(a) Administraziun communala"},"content":{"rendered":"\n<figure class=\"wp-block-embed is-type-wp-embed is-provider-eidgen-ssisches-sch-tzenfest wp-block-embed-eidgen-ssisches-sch-tzenfest\"><div class=\"wp-block-embed__wrapper\">\n<blockquote class=\"wp-embedded-content\" data-secret=\"cKR0cq02ON\"><a href=\"https:\/\/gr2026.ch\/uebernachtungen\/\" target=\"_blank\" rel=\"noopener noreferrer nofollow\">\u00dcbernachtungen<\/a><\/blockquote><iframe loading=\"lazy\" class=\"wp-embedded-content\" sandbox=\"allow-scripts\" security=\"restricted\" style=\"position: absolute; visibility: hidden;\" title=\"&#8222;\u00dcbernachtungen&#8220; &#8211; Eidgen\u00f6ssisches Sch\u00fctzenfest\" src=\"https:\/\/gr2026.ch\/uebernachtungen\/embed\/#?secret=UX9jjn1lRR#?secret=cKR0cq02ON\" data-secret=\"cKR0cq02ON\" width=\"500\" height=\"282\" frameborder=\"0\" marginwidth=\"0\" marginheight=\"0\" scrolling=\"no\"><\/iframe>\n<\/div><\/figure>\n\n\n\n<figure class=\"wp-block-embed is-type-wp-embed is-provider-eidgen-ssisches-sch-tzenfest wp-block-embed-eidgen-ssisches-sch-tzenfest\"><div class=\"wp-block-embed__wrapper\">\n<blockquote class=\"wp-embedded-content\" data-secret=\"cKR0cq02ON\"><a href=\"https:\/\/gr2026.ch\/uebernachtungen\/\" target=\"_blank\" rel=\"noopener noreferrer nofollow\">\u00dcbernachtungen<\/a><\/blockquote><iframe loading=\"lazy\" class=\"wp-embedded-content\" sandbox=\"allow-scripts\" security=\"restricted\" style=\"position: absolute; visibility: hidden;\" title=\"&#8222;\u00dcbernachtungen&#8220; &#8211; Eidgen\u00f6ssisches Sch\u00fctzenfest\" src=\"https:\/\/gr2026.ch\/uebernachtungen\/embed\/#?secret=UX9jjn1lRR#?secret=cKR0cq02ON\" data-secret=\"cKR0cq02ON\" width=\"500\" height=\"282\" frameborder=\"0\" marginwidth=\"0\" marginheight=\"0\" scrolling=\"no\"><\/iframe>\n<\/div><\/figure>\n","protected":false},"excerpt":{"rendered":"","protected":false},"author":3,"featured_media":6888,"parent":2008,"menu_order":109,"comment_status":"closed","ping_status":"closed","template":"","meta":{"footnotes":""},"class_list":["post-7477","page","type-page","status-publish","has-post-thumbnail","hentry"],"publishpress_future_action":{"enabled":false,"date":"2026-05-05 21:00:13","action":"change-status","newStatus":"draft","terms":[],"taxonomy":"translation_priority","extraData":[]},"publishpress_future_workflow_manual_trigger":{"enabledWorkflows":[]},"_links":{"self":[{"href":"https:\/\/www.disentis.ch\/de\/wp-json\/wp\/v2\/pages\/7477","targetHints":{"allow":["GET"]}}],"collection":[{"href":"https:\/\/www.disentis.ch\/de\/wp-json\/wp\/v2\/pages"}],"about":[{"href":"https:\/\/www.disentis.ch\/de\/wp-json\/wp\/v2\/types\/page"}],"author":[{"embeddable":true,"href":"https:\/\/www.disentis.ch\/de\/wp-json\/wp\/v2\/users\/3"}],"replies":[{"embeddable":true,"href":"https:\/\/www.disentis.ch\/de\/wp-json\/wp\/v2\/comments?post=7477"}],"version-history":[{"count":1,"href":"https:\/\/www.disentis.ch\/de\/wp-json\/wp\/v2\/pages\/7477\/revisions"}],"predecessor-version":[{"id":7478,"href":"https:\/\/www.disentis.ch\/de\/wp-json\/wp\/v2\/pages\/7477\/revisions\/7478"}],"up":[{"embeddable":true,"href":"https:\/\/www.disentis.ch\/de\/wp-json\/wp\/v2\/pages\/2008"}],"wp:featuredmedia":[{"embeddable":true,"href":"https:\/\/www.disentis.ch\/de\/wp-json\/wp\/v2\/media\/6888"}],"wp:attachment":[{"href":"https:\/\/www.disentis.ch\/de\/wp-json\/wp\/v2\/media?parent=7477"}],"curies":[{"name":"wp","href":"https:\/\/api.w.org\/{rel}","templated":true}]}}

<figure class="wp-block-embed is-type-wp-embed is-provider-eidgen-ssisches-sch-tzenfest wp-block-embed-eidgen-ssisches-sch-tzenfest"><div class="wp-block-embed__wrapper">
<blockquote class="wp-embedded-content" data-secret="cKR0cq02ON"><a href="https://gr2026.ch/uebernachtungen/" target="_blank" rel="noopener noreferrer nofollow">Übernachtungen</a></blockquote><iframe loading="lazy" class="wp-embedded-content" sandbox="allow-scripts" security="restricted" style="position: absolute; visibility: hidden;" title="&#8222;Übernachtungen&#8220; &#8211; Eidgenössisches Schützenfest" src="https://gr2026.ch/uebernachtungen/embed/#?secret=UX9jjn1lRR#?secret=cKR0cq02ON" data-secret="cKR0cq02ON" width="500" height="282" frameborder="0" marginwidth="0" marginheight="0" scrolling="no"></iframe>
</div></figure>



<figure class="wp-block-embed is-type-wp-embed is-provider-eidgen-ssisches-sch-tzenfest wp-block-embed-eidgen-ssisches-sch-tzenfest"><div class="wp-block-embed__wrapper">
<blockquote class="wp-embedded-content" data-secret="cKR0cq02ON"><a href="https://gr2026.ch/uebernachtungen/" target="_blank" rel="noopener noreferrer nofollow">Übernachtungen</a></blockquote><iframe loading="lazy" class="wp-embedded-content" sandbox="allow-scripts" security="restricted" style="position: absolute; visibility: hidden;" title="&#8222;Übernachtungen&#8220; &#8211; Eidgenössisches Schützenfest" src="https://gr2026.ch/uebernachtungen/embed/#?secret=UX9jjn1lRR#?secret=cKR0cq02ON" data-secret="cKR0cq02ON" width="500" height="282" frameborder="0" marginwidth="0" marginheight="0" scrolling="no"></iframe>
</div></figure>
